e
Let p(u) = -3*u - 6. Let c be p(-7). Let h be (22/(-6))/(5/c). Let d = 88 + h. Is d composite?
True
Suppose -4*b = -4922 - 1706. Is b a prime number?
True
Let t be 4/(-12) + (-34)/(-3). Let f(y) = -7*y - 11. Let b be f(t). Is 3/(6*(-4)/b) a prime number?
True
Suppose -79146 = -5*j - o, -3*j + 15834 = -2*j + 5*o. Is j composite?
True
Suppose 0 = 6*x - 625 + 169. Let k(v) = v**3 + 3*v**2 + v - 5. Let y be k(4). Let l = y - x. Is l a prime number?
False
Let a(w) be the third derivative of 47*w**5/60 - w**4/24 - 7*w**3/6 - 25*w**2. Is a(-3) a composite number?
False
Suppose -11*t = -6*t - 65. Let j = 18 - t. Suppose j*d = 349 - 14. Is d prime?
True
Let h(r) = r. Let l(n) = -3*n - 1. Let q(f) = -5*h(f) + l(f). Suppose 0 = 7*i + 178 - 150. Is q(i) a prime number?
True
Let k = 32 + -12. Let g = k + -19. Is (1/g)/(10/4450) a prime number?
False
Suppose 3*p - 156984 = -5*m, 4*p = 88*m - 86*m + 209338. Is p a composite number?
True
Suppose -w + 35 = 4*w. Let n(g) = g - 3. Let p be n(w). Suppose 0 = 3*m + 12, -p*m - 39 - 72 = -b. Is b a prime number?
False
Let q(c) = 10*c**2 - 14*c + 45. Let b be (-2 + 40)/(12/(-6)). Is q(b) composite?
True
Suppose -3*u - 300 = -2*n, u + 172 = n + 5*u. Suppose 0*r + n = 6*r. Is r a prime number?
False
Let v be (-1)/2*1*-4. Let n be (30/25)/(3/30). Suppose -s - v = -n. Is s composite?
True
Let u = -16 + 18. Suppose 0 = -u*p + 3*w + 355, -4*w - 93 - 267 = -2*p. Suppose p = 20*r - 15*r. Is r a composite number?
True
Let s(l) = l**2 + 2*l + 1. Let j be s(-2). Let r be (-20)/(-6)*84/70. Suppose -r*u + 17 - j = 0. Is u a prime number?
False
Is 5/(5/12882) - 1 composite?
True
Suppose -4*c + 3 = -5*j, -5*c + 0*c - 4*j - 27 = 0. Let z(r) = -102*r + 2 - 5*r - 77*r. Is z(c) a composite number?
True
Let c(l) = 64*l**2 - 3*l + 3. Suppose -25 = -3*p - 2*p. Let h = p - 9. Is c(h) composite?
False
Let y(r) = r**3 + r. Let c(w) = 6*w**3 - w**2 - 7*w + 1. Let a(s) = -c(s) - 3*y(s). Is a(-2) a composite number?
False
Let j(s) = s**3 - 16*s**2 - 10*s + 52. Is j(21) composite?
True
Is 2 + -3*(-55437)/9 composite?
False
Is 3814458/69 - -1*9 a composite number?
False
Suppose n - 2483 = 374. Is n composite?
False
Let j(w) = -75 + w**2 + 5*w - 3*w + 73 + 4*w**2. Let c be j(2). Let g = c - -31. Is g composite?
False
Let b be 5967/12 - 1/4. Let i(c) = -2*c - 12. Let z be i(-7). Suppose 3*l = z*l + b. Is l composite?
True
Suppose -4*f - 16015 = -5*f. Is f composite?
True
Let r = 293 - 49. Let i = -81 + r. Is i prime?
True
Suppose 13*x = 347844 + 354455. Is x a composite number?
True
Suppose -5*c - 95 = -5*g, -c - 4 - 31 = -2*g. Let h be 4 - (-1)/((-4)/g). Suppose -2*v + 65 = 3*j, -3*j + 4*v + h*v = -95. Is j a composite number?
True
Suppose -3*l - 4 = -7*l. Let v = l - -2. Suppose -v = q, -31 = 4*b + 2*q - 117. Is b prime?
True
Let x = 904 + -385. Is x a composite number?
True
Let v be (-3 + (0 - 1))/(-2). Suppose -2*k - 132 = -3*s + 3*k, -4*s + 4*k = -176. Is s/(-1 - (-6)/v) a composite number?
True
Let n(d) = 221*d - 40. Is n(9) a composite number?
False
Let r(t) = 3853*t**2 + 4*t + 1. Is r(2) a prime number?
False
Let v(b) = -b**3 + 14*b**2 + b - 8. Let g be v(14). Let u(l) = l**3 + 4*l**2 - 6*l - 17. Is u(g) a composite number?
False
Let s(r) = -235*r**3 + r**2 + 13*r - 2. Is s(-5) composite?
False
Is 10*(45/10)/9 - -28746 a prime number?
True
Let i(a) = -a**3 + 2*a**2 + 3*a + 1. Let y be i(3). Let q(n) = 12*n**2 - n. Let c be q(y). Suppose t = c + 36. Is t a prime number?
True
Let p = -9 + 5. Let z be 16/24 + p/6. Suppose z = -5*y + 2*y + 177. Is y a prime number?
True
Suppose 0 = 5*g - 337 - 53. Let v be (14/3)/((-10)/285). Let a = g - v. Is a a composite number?
False
Let m = 61 - 63. Let f(d) = 551*d**2 + 6*d + 3. Is f(m) prime?
False
Let v(u) = 412*u**3 - u**2 + u + 1. Let x = 50 + -49. Is v(x) composite?
True
Let t(c) = -46*c - 25. Let n be (-2)/12*-22*-3. Is t(n) prime?
False
Suppose 4*n + 3693 = t, t + n - 3721 = -2*n. Is t a prime number?
True
Let i(v) = -29*v - 5. Let c be i(5). Let u = c - -562. Suppose 2*g + 0*g - u = 5*o, 0 = 4*o + 8. Is g prime?
False
Suppose 8*u + 344 = 4*u. Let g = u + 505. Is g a composite number?
False
Suppose a = -0*r + 5*r - 1204, 0 = -r + 3*a + 252. Suppose -h + r = -2817. Is h composite?
True
Let a(t) = t**3 - 20*t + 2. Let c(o) = -o**3 + 13*o - 1. Let d be ((-15)/(-10))/(3/10). Let l(q) = d*a(q) + 8*c(q). Is l(-3) a prime number?
True
Let y = -1906 + 9535. Is y prime?
False
Let k(y) = 678*y**3 + 2*y**2 - 2*y + 1. Let i be (-1)/(-2)*(-10)/(-1). Let f be 3/i + (-8)/(-20). Is k(f) prime?
False
Let u = -26 - -23. Let m(p) = 107*p**2 + 4*p + 1. Let q be m(u). Suppose q = 3*x - 41. Is x prime?
True
Let h be (24/9 - 3)*-3. Suppose -7 - h = t. Is (670/(-40))/(2/t) composite?
False
Let h be 579/12 + 1/(-4). Suppose -29 = -p + 2*p + l, -3*p = -2*l + 112. Let o = h + p. Is o a composite number?
True
Let k = 1891 - -536. Is k prime?
False
Suppose -j + 4*j = 0. Suppose 3*s + t - 605 = j, 0*s + 4*t + 595 = 3*s. Is s a prime number?
False
Suppose 57800 - 6480 = 4*p. Suppose -162966 = -4*j - p. Is j/70 + (-4)/(-5) a composite number?
True
Let s = 14 + -20. Is (-50 + 6)*3/s a prime number?
False
Suppose -d + 8 = -a, 2*d = -2*d + 2*a + 28. Let o be (2/d)/((-5)/(-675)). Is 41361/o - (-4)/(-30) a prime number?
True
Let g = 1647 + -1396. Is g a composite number?
False
Let o(y) = y**2 - 9*y - 5. Let t be o(10). Suppose -4*v + 1081 = -t*p, -2*p = -5*v - 3*p + 1373. Is v a composite number?
True
Let u = 55 - 81. Let d = 21 + u. Is (d - 0)/((-1)/127) a composite number?
True
Let l(v) = 15*v**3 - 3*v**2 - 4*v + 6. Let p be l(4). Suppose i - p - 499 = 0. Suppose -2*h + 0*y = 5*y - 934, 0 = 3*h + 2*y - i. Is h a composite number?
False
Suppose -j = -2*p + 2*j + 645, 5*j + 326 = p. Suppose 0 = -2*c + 3*f + p, f + 170 = 3*c - 308. Is c a composite number?
True
Let r(i) = -i**2 - 26*i + 65. Let s be r(-27). Let n = s - -869. Is n prime?
True
Let q(w) = -w**2 + w + 4. Let h be q(0). Suppose -19 = -h*l + 2*l + 5*d, 3*l - 4*d = 18. Is (-1 + l)/(1/149) composite?
False
Suppose -t + 4*f = -15213, 0 = -23*t + 21*t + 4*f + 30406. Is t composite?
False
Suppose -5*p + 72 = -8. Let w be (-7)/((-84)/p)*3. Is 119*(-1)/(w/(-4)) a composite number?
True
Suppose -y - 4*o - 256 = 0, y - 3*o + 176 + 115 = 0. Let u = -13 - y. Is u prime?
True
Suppose 6 = 4*g - 3*y - 5, 17 = 4*g - y. Suppose -u - 3148 = -g*u. Is u a prime number?
True
Suppose 3*i + 13 + 5 = -3*l, -2*i = 3*l + 16. Let s = -5 + l. Is (-327)/s - (-6)/9 a composite number?
False
Is 6/(-360)*-15 - 151046/(-8) a prime number?
False
Suppose 0 = -2*v + v - 11. Let k = 13 + v. Is 86 - (k + 0 + -3) a prime number?
False
Let t be -2 + ((-6)/(-14) - (-76)/(-14)). Is 1461/3 + 14/t prime?
False
Let v be (48/(-40))/(3/(-10)). Suppose 3*i - v*b - 312 = 1869, -b = 3*i - 2196. Let s = 1062 - i. Is s prime?
True
Let h be (18/(-24))/(((-3)/(-4))/(-3)). Let p(g) = 301*g - 14. Is p(h) prime?
False
Suppose -u - 20 = -5*u. Suppose -z + 1 = -0*z, 4*z - 24 = -u*c. Suppose 0 = c*i, -59 - 11 = -2*g - 4*i. Is g composite?
True
Let w(u) = -118*u - 17. Is w(-6) composite?
False
Let b(f) = f - 1. Let q(s) = -s**2 + 9*s - 6. Let h be q(8). Let v be b(h). Is -2 - (-1302)/3 - v a composite number?
False
Let p be -4*4/(-8) + 3003. Let b = p + -1524. Is b composite?
False
Let a(v) = v**2 + 4*v - 26. Let u be a(-8). Suppose -2*w = -u*w + 1184. Suppose -930 - w = -2*y. Is y a composite number?
False
Let c be 5/((-15)/(-8))*3. Suppose -c*j + 3*j = -20. Suppose -2*o + 352 = 2*o - 3*y, 5*o - 409 = -j*y. Is o a composite number?
True
Suppose 4*i - 189 = d, -d - 36 = -i - 3*d. Suppose 2*w + 5*r = 19 + 16, -4*w + i = 2*r. Is (w/(-4) + 2)*-106 a composite number?
False
Let n(g) = -g**3 - 12*g**2 + 5. Let p be n(-12). Suppose p*j - 9*j = 164. Is (-5)/((2/j)/2) a composite number?
True
Let p(n) = 46*n**2 - 11*n + 7. Let j be p(-11). Suppose 5*g = -2*y + 2052 + 1769, -3*y + 5*g = -j. Is y prime?
False
Suppose -12*i + 1096743 - 363051 = 0. Is i composite?
False
Let t(p) = 5*p + 5. Let y be t(-1). Suppose 10*x - 5870 = -y*x. Is x composite?
False
Suppose 4*n - 47 = -7. Let q be (-4)/n - (-4)/10. Suppose 4*f = -q*f + 220. Is f a prime number?
False
Suppose -170 - 367 = -j. Is j prime?
False
Suppose 0 = -8*a + 649 + 6719. Is a a pri